{"id":841,"date":"2023-05-05T07:53:40","date_gmt":"2023-05-05T07:53:40","guid":{"rendered":"http:\/\/www.all-love.ro\/?page_id=841"},"modified":"2023-05-05T07:53:41","modified_gmt":"2023-05-05T07:53:41","slug":"lili-chiriac","status":"publish","type":"page","link":"http:\/\/www.all-love.ro\/index.php\/lili-chiriac\/","title":{"rendered":"Lili Chiriac"},"content":{"rendered":"\n<p>All-Love a venit la mine\u2026s-a strecurat \u00een via\u021ba \u0219i inima mea\u2026\u0219i tot scormone\u0219te\u2026 E precum<br>cur\u0103\u021benia de prim\u0103var\u0103,c\u00e2nd te preg\u0103te\u0219ti de \u00cenviere .<br>All-Love e rena\u0219tere, e \u00eemp\u0103care, iubire ,recuno\u0219tin\u021b\u0103 ! To\u021bi avem nevoie ! \u00cencerca\u021bi \u0219i ve\u021bi fi<br>mai buni ,inima se va deschide ca o floare ce cire\u0219 ! A\u0219a se \u00eent\u00e2mpl\u0103 fiec\u0103rui participant \u0219i<br>energia grupului cre\u0219te \u0219i vindec\u0103 !<\/p>\n","protected":false},"excerpt":{"rendered":"<p>All-Love a venit la mine\u2026s-a strecurat \u00een via\u021ba \u0219i inima mea\u2026\u0219i tot scormone\u0219te\u2026 E precumcur\u0103\u021benia de prim\u0103var\u0103,c\u00e2nd te preg\u0103te\u0219ti de \u00cenviere .All-Love e rena\u0219tere, e \u00eemp\u0103care, iubire ,recuno\u0219tin\u021b\u0103 ! To\u021bi avem nevoie ! \u00cencerca\u021bi \u0219i ve\u021bi fimai buni ,inima se va deschide ca o floare ce cire\u0219 ! A\u0219a se \u00eent\u00e2mpl\u0103 fiec\u0103rui participant \u0219ienergia grupului &hellip; <\/p>\n<p class=\"link-more\"><a href=\"http:\/\/www.all-love.ro\/index.php\/lili-chiriac\/\" class=\"more-link\">Read more<span class=\"screen-reader-text\"> &#8220;Lili Chiriac&#8221;<\/span><\/a><\/p>\n","protected":false},"author":2,"featured_media":0,"parent":0,"menu_order":0,"comment_status":"closed","ping_status":"closed","template":"","meta":{"_mi_skip_tracking":false,"footnotes":""},"class_list":["post-841","page","type-page","status-publish","hentry"],"aioseo_notices":[],"featured_media_urls":[],"_links":{"self":[{"href":"http:\/\/www.all-love.ro\/index.php\/wp-json\/wp\/v2\/pages\/841","targetHints":{"allow":["GET"]}}],"collection":[{"href":"http:\/\/www.all-love.ro\/index.php\/wp-json\/wp\/v2\/pages"}],"about":[{"href":"http:\/\/www.all-love.ro\/index.php\/wp-json\/wp\/v2\/types\/page"}],"author":[{"embeddable":true,"href":"http:\/\/www.all-love.ro\/index.php\/wp-json\/wp\/v2\/users\/2"}],"replies":[{"embeddable":true,"href":"http:\/\/www.all-love.ro\/index.php\/wp-json\/wp\/v2\/comments?post=841"}],"version-history":[{"count":1,"href":"http:\/\/www.all-love.ro\/index.php\/wp-json\/wp\/v2\/pages\/841\/revisions"}],"predecessor-version":[{"id":842,"href":"http:\/\/www.all-love.ro\/index.php\/wp-json\/wp\/v2\/pages\/841\/revisions\/842"}],"wp:attachment":[{"href":"http:\/\/www.all-love.ro\/index.php\/wp-json\/wp\/v2\/media?parent=841"}],"curies":[{"name":"wp","href":"https:\/\/api.w.org\/{rel}","templated":true}]}}